 is -48 - -1013?
c98
In base 14, what is 2 + -4c863?
-4c861
In base 10, what is 1 - -61165?
61166
In base 5, what is -4 + -21032?
-21041
In base 8, what is -37 + 136?
77
In base 14, what is 2 - -77d5a?
77d5c
In base 16, what is 13a4 + -48?
135c
In base 13, what is -6 + -1b10?
-1b16
In base 11, what is 540885 + 5?
54088a
In base 4, what is -300 - -2310002?
2303102
In base 4, what is -113132 + -11?
-113203
In base 15, what is -1 - -178ac?
178ab
In base 13, what is -2 + 1659a?
16598
In base 9, what is 286 + 2630?
3026
In base 16, what is 3 - -958f?
9592
In base 2, what is 0 - 1110100100001?
-1110100100001
In base 13, what is -11 + 57a9b?
57a8a
In base 16, what is -6f1fe - 8?
-6f206
In base 11, what is -5 + -a308a?
-a3094
In base 13, what is -8900 + 55?
-8878
In base 9, what is 1841 + -218?
1622
In base 16, what is 245 + -83?
1c2
In base 10, what is 789251 - -2?
789253
In base 14, what is 0 + -747b?
-747b
In base 16, what is -4 + -158f6?
-158fa
In base 7, what is 0 + 60153?
60153
In base 3, what is -102 + -21100020?
-21100122
In base 6, what is 104215 - 30?
104145
In base 12, what is 25505 + -5?
25500
In base 7, what is -550 - -3632?
3052
In base 11, what is 57 + 10435?
10491
In base 5, what is -144244 + -2?
-144301
In base 3, what is -1221020221 + 1020?
-1221012201
In base 13, what is -2 - -12c?
12a
In base 6, what is 55 - 152?
-53
In base 14, what is -4 + 4736?
4732
In base 6, what is -13034 - -140?
-12454
In base 14, what is -4 - -1db5a?
1db56
In base 3, what is -111 + -100012121200?
-100012122011
In base 2, what is -11 + -11100010001111?
-11100010010010
In base 16, what is 6 - -890e?
8914
In base 8, what is -633 - -343?
-270
In base 8, what is -4257 - -66?
-4171
In base 13, what is 4 + 267a19?
267a20
In base 3, what is 102002 - 1110?
100122
In base 2, what is -1011101 + -1110?
-1101011
In base 2, what is 101011010101011 + 110?
101011010110001
In base 14, what is -5 + -221ab2?
-221ab7
In base 3, what is 100 + -1222001200?
-1222001100
In base 6, what is -115 - 112?
-231
In base 8, what is 416 + -4?
412
In base 15, what is 5 - -5b891?
5b896
In base 13, what is -134 - -8c2?
78b
In base 16, what is 58 - 343?
-2eb
In base 8, what is 364162 + -5?
364155
In base 12, what is -1 + -15785?
-15786
In base 5, what is 14233 - -13?
14301
In base 16, what is -1459f + -13?
-145b2
In base 6, what is -252053 + -114?
-252211
In base 5, what is -4 + -412011?
-412020
In base 7, what is -2 + 11362?
11360
In base 4, what is 110120 - -133012?
303132
In base 13, what is 13 - 603b?
-6028
In base 9, what is -2 + -861403?
-861405
In base 9, what is -16 + 106?
80
In base 12, what is -1a7b7 - -1?
-1a7b6
In base 10, what is 49 - 238?
-189
In base 12, what is 0 + -77278a?
-77278a
In base 2, what is -100 - -10010111000?
10010110100
In base 12, what is 5 - -5588?
5591
In base 16, what is 60 - -3686?
36e6
In base 5, what is -214444 - 30?
-220024
In base 7, what is -521312 - -2?
-521310
In base 6, what is -12 + -4232022?
-4232034
In base 10, what is 5289 + 483?
5772
In base 12, what is 446340 + 4?
446344
In base 16, what is 2e77 - b?
2e6c
In base 10, what is 116 + -673?
-557
In base 12, what is -102 + 1133?
1031
In base 14, what is 3 - -118403?
118406
In base 5, what is -2 - -12203330?
12203323
In base 13, what is 24 - -2b06b?
2b092
In base 12, what is 106180 + a?
10618a
In base 8, what is -1 + 127473?
127472
In base 12, what is 126b3 - -4?
126b7
In base 2, what is 0 - -10000010111110?
10000010111110
In base 5, what is -4014233 - 11?
-4014244
In base 4, what is 1303 + 133?
2102
In base 15, what is 491ea6 + -5?
491ea1
In base 6, what is 4 + 3203034?
3203042
In base 9, what is -35 - 32614?
-32650
In base 10, what is -21746 + 6?
-21740
In base 11, what is 71 - -7130?
71a1
In base 3, what is 212002 + 100112?
1012121
In base 11, what is 6 + -18523a?
-185234
In base 9, what is -4213416 - -4?
-4213412
In base 14, what is -4 + 58052?
5804c
In base 12, what is -3 + 2a22?
2a1b
In base 14, what is -3ab - 25?
-3d2
In base 8, what is -40 - 12666?
-12726
In base 15, what is 155336 - 2?
155334
In base 3, what is -110 + 1210000101?
1202222221
In base 4, what is -2012332 - -1320?
-2011012
In base 10, what is 723 + -66?
657
In base 13, what is 2004c4 + -5?
2004bc
In base 3, what is 120111 + 100001212?
100122100
In base 10, what is -68181 - 4?
-68185
In base 8, what is 1055314 - 5?
1055307
In base 4, what is -1201 - 212?
-2013
In base 16, what is d2 - -1fc?
2ce
In base 6, what is -5101 + 10?
-5051
In base 2, what is -110101010 - -100111100101?
100000111011
In base 5, what is 1144 - 40412?
-34213
In base 2, what is -100011100110101100010 - 100?
-100011100110101100110
In base 4, what is -22 + -13303331?
-13310013
In base 4, what is -3 + 22132313?
22132310
In base 12, what is -10 + 1915?
1905
In base 12, what is 10340 - -3?
10343
In base 12, what is 27 - -b408?
b433
In base 4, what is 32 - 302?
-210
In base 3, what is 1022110112122 - 11?
1022110112111
In base 10, what is 2805 - 20?
2785
In base 7, what is -164 - 3206?
-3403
In base 11, what is -5025 + 0?
-5025
In base 6, what is 223 + -455?
-232
In base 5, what is 4313 + 32?
4400
In base 3, what is 1 - -21211022?
21211100
In base 10, what is -16 + -6922?
-6938
In base 5, what is -141343 - 3014?
-144412
In base 14, what is 1166 - 1?
1165
In base 2, what is 10100100010101111 - -10?
10100100010110001
In base 7, what is -1610520 - -3?
-1610514
In base 8, what is -37 + -10731?
-10770
In base 5, what is 3102043 - 13?
3102030
In base 13, what is -5 + -77ac7?
-77acc
In base 4, what is -223 - -1122?
233
In base 8, what is 2 + 52134?
52136
In base 8, what is 162257 + -7?
162250
In base 16, what is 106376 + -2?
106374
In base 11, what is -3 - 207101?
-207104
In base 12, what is -4 - 5a26?
-5a2a
In base 5, what is -13 + -31003?
-31021
In base 8, what is -23 - -5530?
5505
In base 6, what is -1454412 + 2?
-1454410
In base 2, what is -10010001000011111100 + -101?
-10010001000100000001
In base 14, what is 17 + b1c8?
b201
In base 12, what is -2b14 - -87?
-2a49
In base 15, what is -a6586 - 3?
-a6589
In base 7, what is -320 + 5?
-312
In base 2, what is 10011010110000110 - 0?
10011010110000110
In base 10, what is -1067 - -104?
-963
In base 9, what is -586 - 105?
-702
In base 14, what is -565470 + 4?
-56546a
In base 14, what is -8882 + 3?
-887d
In base 5, what is 14133444 + -33?
14133411
In base 13, what is -2 - a472?
-a474
In base 12, what is 1065 + -3?
1062
In base 9, what is -407546 + -16?
-407563
In base 16, what is -11d + -bb?
-1d8
In base 6, what is 135105132 + 4?
135105140
In base 12, what is 432 - 1a6?
248
In base 12, what is -30 - 993?
-a03
In base 2, what is 101000011010010 + -11001?
101000010111001
In base 12, what is -184b509 - -2?
-184b507
In base 5, what is 34 - 332?
-243
In base 13, what is -1259 + -1c7?
-1453
In base 9, what is 2050775 + -4?
2050771
In base 5, what is -4134 + -20?
-4204
In base 8, what is -3 + 20723?
20720
In base 13, what is -83a + 664?
-1a6
In base 12, what is 2 - 10188?
-10186
In base 9, what is -5 - -154403?
154387
In base 10, what is -5 - 45853?
-45858
In base 8, what is -143 + 12203?
12040
In base 9, what is -5 + 4885?
4880
In base 8, what is -55332 - -2?
-55330
In base 9, what is 1104 - -71?
1175
In base 8, what is 17 + -40664?
-40645
In base 7, what is 3 + 1341513?
1341516
In base 14, what is -10 + -135d?
-136d
In base 15, what is 2b345 - a?
2b33a
In base 16, what is 3 - 4eb9?
-4eb6
In base 2, what is -1000100101000010 + 11?
-1000100100111111
In base 16, what is 14a + 2a9?
3f3
In base 2, what is 10100111000010 - -111001?
10100111111011
In base 15, what is 6a82 - 1d?
6a64
In base 7, what is -1 + 6340615?
6340614
In base 7, what is 330 - -522?
1152
In base 9, what is -826 + -181?
-1117
In base 9, what is 13 + -4512?
-4488
In base 7, what is -11253362 - -1?
-11253361
In base 3, what is 1000020011 + 1022?
1000021110
In base 3, what is 101021211 + 1220?
101100201
In base 8, what is -112 + 10045?
7733
In base 2, what is 1011010100011001 + -1010000?
1011010011001001
In base 13, what is 2959 - -5?
2961
In base 6, what is 432 - -403?
1235
In base 5, what is -111 + 143124?
143013
In base 16, what is -1855e9 - 2?
-1855eb
In base 5, what is 23 + 3210341?
3210414
In base 2, what is 1100011 - 11111111000?
-11110010101
In base 7, what is 4 -